69. Give z(1).
300
Let q(p) = -43017*p + 473189. Determine q(11).
2
Let i(v) = 10*v**3 + 79*v**2 + 953*v + 1676. Determine i(-2).
6
Let z(j) = 2*j**2 + 313*j - 26938. Calculate z(-218).
-124
Let x(g) = g**2 - 46418*g + 1020719. What is x(22)?
7
Let s(i) = 3*i**2 + 277*i - 577. What is s(-95)?
183
Let a(o) = -o**3 - 14*o**2 - 110*o - 41. Determine a(-5).
284
Let w(s) = s**3 + 48*s**2 - 452*s - 3660. Determine w(-55).
25
Let d(x) = 13*x**2 + 771*x - 12433. What is d(-72)?
-553
Let u(z) = -7*z**2 + 91*z - 835. Determine u(5).
-555
Let h(u) = -2*u**3 + 19*u**2 - 59*u - 122. Give h(5).
-192
Let y(w) = -10361*w + 777109. Give y(75).
34
Let t(x) = -3*x**2 + 7953*x - 204746. What is t(26)?
4
Let p(n) = n**3 + 55*n**2 + 109*n + 9090. What is p(-56)?
-150
Let i(s) = 85*s**2 + 6461*s + 75. Give i(-76).
-1
Let b(o) = 617*o - 4855. Determine b(8).
81
Let u(j) = -653*j**2 - 26786*j - 417. Calculate u(-41).
116
Let r(a) = -2*a**2 + 541*a - 4929. Give r(9).
-222
Let g(w) = -33*w**2 - 5*w + 93. Determine g(2).
-49
Let n(s) = s**3 + 25*s**2 + 109*s - 87. What is n(-12)?
477
Let n(t) = 9941*t + 29665. Determine n(-3).
-158
Let j(p) = 202*p**2 + 111*p + 4. What is j(1)?
317
Let b(v) = 6*v**3 - 105*v**2 + 228*v - 52. Give b(15).
-7
Let o(p) = -p**3 - 248*p**2 + 1265*p + 106. Determine o(-253).
106
Let g(n) = 5*n**3 - 322*n**2 - 1601*n + 968. What is g(69)?
2
Let s(n) = n**2 - 361*n + 17622. Calculate s(58).
48
Let a(o) = 252*o**2 + 332*o + 39. Determine a(-2).
383
Let d(x) = x**2 + 3258*x + 83907. Determine d(-26).
-125
Let g(u) = u**3 + 24*u**2 + 10*u - 570. Calculate g(-23).
-271
Let o(f) = -4*f**3 - 23*f**2 + 345*f + 2050. What is o(-9)?
-2
Let b(z) = -1172353*z - 1172341. What is b(-1)?
12
Let p(m) = 39782*m + 39773. Calculate p(-1).
-9
Let h(y) = -3*y**3 - 19*y**2 + 28*y - 51. What is h(-8)?
45
Let k(b) = -2*b**2 - 159*b - 1375. Give k(-69).
74
Let a(z) = -2*z**2 + 39758*z - 595607. Determine a(15).
313
Let m(j) = -2*j**2 - 1938*j - 25340. Determine m(-13).
-484
Let b(g) = 12023*g + 3955563. Calculate b(-329).
-4
Let h(o) = -52*o**2 + 4872*o + 14619. Give h(-3).
-465
Let w(g) = 16*g**2 - 12*g - 4. What is w(-2)?
84
Let o(h) = 6872*h - 1676706. Calculate o(244).
62
Let q(y) = 10*y**3 + 9973*y**2 + 2838*y - 152527. Determine q(-997).
14
Let r(u) = -26401*u - 159177. What is r(-6)?
-771
Let t(x) = -x**3 + 45*x**2 - 4*x - 448. Determine t(45).
-628
Let n(w) = 836*w + 100293. What is n(-120)?
-27
Let g(v) = 11*v**2 - 8*v - 18. Determine g(9).
801
Let z(q) = 2*q**2 + 19306*q - 522707. Calculate z(27).
13
Let l(r) = -99193*r - 10514464. Calculate l(-106).
-6
Let z(x) = -6276*x + 43843. Give z(7).
-89
Let v(m) = 1255*m + 122429. Calculate v(-99).
-1816
Let w(a) = 5*a**2 - 268*a + 1505. Give w(47).
-46
Let x(i) = -94*i**3 - 1217*i**2 + 78*i + 171. Give x(-13).
2
Let a(u) = -1490*u + 231969. What is a(156)?
-471
Let s(k) = -10*k**2 + 237*k - 154. Calculate s(23).
7
Let d(j) = -993*j**2 + 1906*j - 1905. Determine d(1).
-992
Let h(q) = -q**3 - 27*q**2 - 224*q - 3508. Calculate h(-24).
140
Let h(l) = 341*l - 18434. Calculate h(53).
-361
Let n(p) = 290*p - 15688. Give n(54).
-28
Let p(q) = 3293*q - 306248. Calculate p(93).
1
Let f(g) = -g**2 - 916*g + 166011. Calculate f(-1071).
6
Let n(v) = 8*v**3 - 984*v**2 - 6014*v - 14. Calculate n(-6).
-1082
Let n(v) = -85*v**2 - 1530*v + 14869. Give n(7).
-6
Let w(x) = x**2 + 1716*x + 13663. Determine w(-8).
-1
Let a(x) = -2334*x - 686188. Determine a(-294).
8
Let n(p) = -5*p**3 + 316*p**2 - 387*p + 345. Determine n(62).
-585
Let f(b) = b**3 + 17*b**2 - 46*b + 708. Give f(-22).
-700
Let b(r) = 102*r**2 - 4278*r - 242. Calculate b(42).
10
Let i(k) = -56*k**3 - 2094*k**2 + 3510*k - 13. Calculate i(-39).
-13
Let p(c) = -c**3 + 15*c**2 + 630*c - 9484. What is p(15)?
-34
Let r(g) = -25*g + 5941. Determine r(125).
2816
Let o(t) = 356*t**3 - 5*t**2 + 57*t - 53. Give o(1).
355
Let r(o) = 8*o**3 - 257*o**2 + 2064*o - 971. Calculate r(13).
4
Let g(s) = -910*s + 78. Determine g(1).
-832
Let v(n) = 131*n**2 - 20*n - 76. Determine v(-3).
1163
Let v(d) = -2*d**3 + 9*d**2 + 1297*d - 7850. What is v(6)?
-176
Let s(o) = -26*o**2 - 522*o - 1. What is s(-21)?
-505
Let v(i) = -5*i**2 - 173*i - 1486. What is v(-9)?
-334
Let b(y) = -10*y**2 + 1698*y - 1355. What is b(169)?
-3
Let b(c) = 2*c**3 + 956*c**2 + 54385*c + 538. Determine b(-412).
126
Let s(g) = -28832*g - 547920. What is s(-19)?
-112
Let u(k) = 8*k**2 - 1129*k + 950. What is u(141)?
809
Let n(w) = -12*w**2 + 1880*w - 1235. Give n(156).
13
Let r(j) = -2779*j - 19486. Give r(-7).
-33
Let s(q) = -190*q**2 + 32*q. Determine s(-2).
-824
Let x(c) = -c**2 + 2826*c + 48230. What is x(-17)?
-101
Let a(d) = 2597*d + 15218. Give a(-6).
-364
Let u(k) = 5*k**3 - 310*k**2 + 326*k - 20393. Calculate u(62).
-181
Let v(f) = 19*f**3 + f**2 - 10*f - 44. Calculate v(-3).
-518
Let x(c) = -331*c - 71261. What is x(-215)?
-96
Let j(w) = -21*w**2 + 879*w + 1028. Determine j(43).
-4
Let h(t) = -444*t - 4771. Calculate h(-11).
113
Let n(c) = 23*c**3 + 11*c**2 - 7921*c + 15809. Determine n(2).
195
Let w(o) = -340*o + 10103. What is w(22)?
2623
Let m(w) = -w**3 + 10*w**2 - 20825*w + 124835. What is m(6)?
29
Let w(t) = 18*t**2 + 213*t - 158. What is w(0)?
-158
Let p(l) = -4384*l + 157842. Determine p(36).
18
Let w(r) = -2*r**3 - 47*r**2 - 112*r - 997. What is w(-22)?
15
Let v(x) = x**2 - 218*x - 3183. Calculate v(-14).
65
Let s(i) = i**2 + 106*i + 2404. What is s(-100)?
1804
Let r(w) = -3*w**3 + 384*w**2 - 632*w + 31886. Calculate r(127).
9
Let q(w) = 4916*w + 162672. Give q(-33).
444
Let n(m) = -361*m - 3021. Give n(-8).
-133
Let o(y) = 944*y + 169944. Calculate o(-180).
24
Let i(b) = -1389*b + 20874. What is i(15)?
39
Let r(z) = -467*z**2 + 6*z + 3. Calculate r(2).
-1853
Let g(p) = 2*p**3 + 9*p**2 + 374*p + 1823. What is g(-5)?
-72
Let u(t) = 3*t**3 + 156*t**2 - 858*t - 48. What is u(-57)?
123
Let g(u) = -40*u + 2007. Give g(51).
-33
Let d(b) = 1462*b + 110054. Calculate d(-76).
-1058
Let i(m) = -m**2 + 300*m + 32060. Calculate i(-83).
271
Let o(d) = 241*d**2 - 1288*d + 2. Determine o(3).
-1693
Let p(z) = z**3 + 89*z**2 - 372*z + 291. Give p(-93).
291
Let h(p) = -46510*p - 418586. Give h(-9).
4
Let w(m) = 27*m**2 + 448*m - 254. Calculate w(-18).
430
Let p(t) = 21*t**2 + 4200*t + 121278. Calculate p(-165).
3
Let f(o) = 38961*o - 273021. What is f(7)?
-294
Let u(y) = -267*y + 2068. What is u(8)?
-68
Let f(v) = -8*v**2 - 70734*v + 353886. Calculate f(5).
16
Let c(a) = a**2 + 18955*a - 189657. Determine c(10).
-7
Let x(s) = 140*s - 15519. What is x(111)?
21
Let r(j) = -j**2 - 793*j - 145039. Calculate r(-286).
-37
Let v(x) = x**3 - 38*x**2 - 231*x + 590. Give v(-7).
2
Let t(h) = 1536*h + 300. Determine t(0).
300
Let c(p) = -13*p**2 - 144*p - 1249. Give c(-16).
-2273
Let o(a) = -43*a**2 + 1832*a + 320. Give o(43).
-411
Let c(n) = n**3 + 40*n**2 + 341*n + 224. What is c(-27)?
494
Let c(s) = -s**3 + 90*s**2 + 651*s + 148. Determine c(-7).
344
Let j(b) = 236*b**2 - 4495*b + 331. Determine j(19).
122
Let r(x) = -9*x**2 - 114*x + 8614. Give r(-38).
-50
Let v(y) = 3*y**3 - 1835*y**2 - 2370*y - 50273. Give v(613).
-7
Let s(b) = -8472*b - 807. Calculate s(0).
-807
Let u(y) = y**2 - 609*y + 28410. Determine u(51).
-48
Let i(p) = -431*p - 692610. Determine i(-1607).
7
Let k(i) = -28*i**2 + 147*i - 56. Determine k(8).
-672
Let i(d) = -613*d**2 + 1660*d + 3325. Determine i(-2).
-2447
Let q(k) = 4584*k - 320889. Give q(70).
-9
Let f(a) = -2954*a - 2076645. Calculate f(-703).
17
Let s(p) = p**2 - 43*p - 7929. Determine s(110).
-559
Let j(r) = -347*r**3 + 3*r**2 + 15551*r - 15554. Calculate j(1).
-347
Let y(f) = 15*f**3 + f**2 + 12*f + 7. Calculate y(-1).
-19
Let w(i) = i**3 - 320*i**2 - 13997*i - 1422. Calculate w(359).
14
Let r(b) = 10236*b + 2640876. What is r(-258)?
-12
Let k(w) = -6*w**2 + 349*w - 719. What is k(63)?
-2546
Let y(o) = 16*o**3 + 2291*o**2 + 440*o + 1584. Calculate y(-143).
11
Let x(l) = l**3 - 78*l**2 + 673*l - 466. Determine x(9).
2
Let t(u) = -22*u**2 + 2288*u - 20632. Determine t(9).
-1822
Let l(o) = -o**2 - 176*o + 1144. What is l(7)?
-137
Let q(j) = -277*j**2 + 2945*j - 4078. Calculate q(9).
-10
Let x(r) = 3*r**3 - 63*r**2 + 36*r + 557. Determine x(20).
77
Let y(f) = 3677*f - 51641. What is y(14)?
-163
Let o(g) 